Let v(n) = -n**3 - 41*n**2 - 86*n - 315. Determine v(-39).
-3
Let y(q) = 4*q**3 + 43*q**2 + 117*q + 90. What is y(-7)?
6
Let j(r) = -51*r**2 - 1174*r - 19. Give j(-23).
4
Let u(l) = -7*l**3 + 3*l**2 - 28*l + 43. Give u(2).
-57
Let f(u) = -2*u**3 - 63*u**2 - 35*u - 129. What is f(-31)?
-5
Let j(u) = 10*u - 114. Give j(30).
186
Let v(i) = i**3 + 22*i**2 - 25*i - 99. Give v(-23).
-53
Let r(c) = -c**2 + 1758*c - 3516. What is r(2)?
-4
Let n(b) = -b**3 - 11*b**2 + 6*b - 122. What is n(-13)?
138
Let f(y) = -y**2 + 352*y - 3419. Give f(10).
1
Let g(c) = 454*c - 2261. Calculate g(5).
9
Let h(p) = -p**3 - 2*p**2 - p - 24. Give h(-5).
56
Let h(a) = -2*a**3 - 4*a**2 + 82*a + 312. Give h(-4).
48
Let k(f) = 4*f**3 - 18*f**2 + 129*f - 206. Determine k(2).
12
Let t(n) = -n**3 - 14*n**2 + 41*n + 288. Determine t(-8).
-424
Let k(b) = 6*b**3 - 10*b**2 + 15*b + 27. Determine k(5).
602
Let j(f) = f**3 - 53*f**2 - 102*f - 470. Give j(55).
-30
Let j(a) = a**3 - 32*a**2 + 253*a + 45. What is j(16)?
-3
Let h(v) = 430*v - 97181. Calculate h(226).
-1
Let f(h) = -7*h**3 + 44*h**2 - 85*h + 429. Calculate f(6).
-9
Let g(w) = -2*w**3 - 77*w**2 + 299*w + 195. Calculate g(-42).
-15
Let n(x) = 14*x + 434. Calculate n(-31).
0
Let g(c) = 2*c**2 - 7*c + 79. Give g(9).
178
Let i(s) = -s**3 - 19*s**2 - 86*s + 29. Determine i(-8).
13
Let k(u) = 7*u + 15. Determine k(-4).
-13
Let k(y) = -y**3 - 20*y**2 - 71*y + 62. What is k(-15)?
2
Let b(a) = 9*a**3 - 46*a**2 + 12*a - 6. Give b(5).
29
Let n(q) = -42*q**2 + 21*q + 20. Determine n(-1).
-43
Let j(y) = 5*y**2 + 257*y + 356. Calculate j(-50).
6
Let w(o) = -108*o - 250. Give w(-3).
74
Let t(z) = -3*z**2 - 1872*z - 25615. Calculate t(-14).
5
Let w(l) = 25*l**2 + 255*l - 256. Give w(1).
24
Let y(r) = 9003*r + 549179. What is y(-61)?
-4
Let p(d) = -d**3 + d**2 + 17*d + 54. Determine p(-4).
66
Let w(s) = s**3 - 19*s**2 + 31*s + 63. Give w(17).
12
Let j(n) = 8*n - 251. What is j(30)?
-11
Let a(r) = 2*r**2 - 60*r + 354. Give a(22).
2
Let d(j) = -j**2 + 4*j + 43. Give d(-6).
-17
Let l(n) = 13*n**2 - 732*n - 2199. What is l(-3)?
114
Let k(r) = 6*r**2 - 3*r + 13. What is k(-6)?
247
Let o(y) = -2*y**2 - 879*y - 58082. What is o(-81)?
-5
Let w(z) = z**3 - 37*z**2 + 41*z - 1524. Give w(37).
-7
Let r(y) = 10611*y - 63678. Determine r(6).
-12
Let b(r) = -14*r + 398. Calculate b(23).
76
Let c(o) = 6*o**2 + 83*o + 14. Determine c(-13).
-51
Let u(a) = -12*a + 313. Calculate u(32).
-71
Let q(k) = -k**2 - 1113*k + 1113. What is q(1)?
-1
Let u(p) = -5*p + 196. Determine u(39).
1
Let x(k) = -55*k**2 + 1267*k - 84. What is x(23)?
-38
Let m(v) = 20*v + 341. Give m(19).
721
Let h(l) = l**2 - 50*l + 32. Determine h(49).
-17
Let m(c) = -291*c - 30288. Give m(-104).
-24
Let m(b) = 83*b**2 + 920*b + 79. Calculate m(-11).
2
Let a(t) = 151*t + 14476. Determine a(-96).
-20
Let q(m) = -m**2 - 22*m - 76. What is q(-4)?
-4
Let t(s) = -2*s**3 - 135*s**2 - 72*s - 351. Give t(-67).
-16
Let k(o) = 33*o - 263. Give k(7).
-32
Let r(b) = 2*b**3 + 90*b**2 - 85. Determine r(-45).
-85
Let m(g) = -g**3 - 86*g**2 - 122*g - 3217. Determine m(-85).
-72
Let v(j) = 32*j - 6178. Give v(193).
-2
Let y(l) = -2*l**3 - 112*l**2 - 1178*l - 95. Calculate y(-42).
-11
Let o(d) = d**2 + 20*d - 4. Determine o(-20).
-4
Let f(n) = -6*n**2 - 68*n + 252. Give f(3).
-6
Let w(c) = 2*c**3 - 34*c**2 - 2*c - 39. Calculate w(17).
-73
Let w(j) = -127*j**3 - j**2 + 16*j + 33. What is w(-2)?
1013
Let r(f) = f**3 + 16*f**2 + 39*f - 16. What is r(-13)?
-16
Let m(z) = 2125*z + 6402. What is m(-3)?
27
Let n(i) = 4*i**3 - 15*i**2 - 30*i + 3. Calculate n(-3).
-150
Let w(u) = 35*u**3 + 7*u**2 - 5*u - 1. What is w(1)?
36
Let g(j) = -j**3 + 89*j**2 - 1385*j + 98. Give g(20).
-2
Let i(s) = s**3 + 8*s**2 + 34*s + 17. What is i(-12)?
-967
Let u(b) = -4*b**2 + 4*b - 3. Give u(9).
-291
Let x(d) = 70*d + 371. Determine x(-6).
-49
Let g(k) = -k**3 + 14*k**2 - 58*k + 1093. What is g(15)?
-2
Let w(z) = -482*z**2 + 27*z + 2. What is w(-1)?
-507
Let c(b) = -b**3 - 9*b**2 - 8*b + 17. Determine c(-8).
17
Let l(q) = -q**3 - 12*q**2 - 45*q - 14. Give l(-8).
90
Let j(d) = d**2 - 38*d + 175. What is j(23)?
-170
Let i(o) = 24*o**3 - 4*o + 4. Calculate i(1).
24
Let l(w) = w**3 + 13*w**2 + 49*w + 3773. Give l(-20).
-7
Let m(i) = 5*i**3 + 82*i**2 + 103*i - 20. Determine m(-15).
10
Let a(h) = -300*h + 2092. Give a(7).
-8
Let l(z) = z**3 - 6*z**2 + 10*z - 23. Calculate l(7).
96
Let l(k) = -6*k**2 + 33*k + 14. Give l(6).
-4
Let s(x) = 49*x - 251. Calculate s(6).
43
Let h(q) = 2*q**3 + 6*q**2 - 55*q + 7. Determine h(-7).
0
Let b(q) = -1506*q - 30136. Determine b(-20).
-16
Let s(j) = -36*j**3 + 720*j**2 - 722*j + 3. Give s(1).
-35
Let g(m) = 1135*m + 24963. What is g(-22)?
-7
Let x(t) = -43*t + 383. Determine x(9).
-4
Let o(k) = k**2 + 79*k + 914. Calculate o(-14).
4
Let v(a) = -41*a**3 + 3*a**2 + a - 1. What is v(-1)?
42
Let b(f) = -32*f + 131. What is b(4)?
3
Let k(p) = 41*p**2 + 18*p - 41. Give k(2).
159
Let y(a) = a - 91. Determine y(12).
-79
Let v(r) = r**3 + r**2 - 25*r - 17. What is v(5)?
8
Let j(x) = -7*x + 51. Determine j(-19).
184
Let w(a) = -a**3 + 23*a**2 - 22*a + 6. Give w(22).
6
Let z(h) = -5*h**3 + 37*h**2 - 58*h + 292. What is z(7)?
-16
Let d(z) = 6*z - 366. Give d(45).
-96
Let o(p) = -p**3 - 104*p**2 + 99*p - 629. Determine o(-105).
1
Let l(m) = -m**2 - 12*m + 69. Calculate l(-15).
24
Let l(h) = h**2 - 9*h + 32. What is l(24)?
392
Let n(p) = p**3 + 2*p**2 - 319*p - 71. Determine n(17).
-3
Let y(r) = r**3 - 58*r**2 + 114*r + 27. Calculate y(56).
139
Let g(x) = x**3 - 60*x**2 + 62*x - 161. Give g(59).
16
Let z(s) = 33*s**2 + 594*s - 2. Determine z(-18).
-2
Let j(q) = -2*q**3 - 35*q**2 - 19*q - 88. Calculate j(-17).
-54
Let s(p) = -6*p**3 + 203*p**2 + 32*p + 59. What is s(34)?
-9
Let f(n) = -n**3 + 52*n**2 + 49*n + 220. Calculate f(53).
8
Let t(k) = -137*k + 740. What is t(6)?
-82
Let j(o) = 14*o**3 + 4*o**2 - 7*o + 61. Give j(4).
993
Let a(f) = -10*f - 754. Determine a(-72).
-34
Let d(s) = 54*s - 244. Determine d(6).
80
Let f(n) = -64*n - 37. What is f(1)?
-101
Let k(b) = -b**3 + 21*b**2 + 461*b - 9013. Give k(25).
12
Let k(x) = -x**3 - 45*x**2 - 470*x. Calculate k(-17).
-102
Let o(f) = f**3 + 2*f**2 - 20*f + 4. Calculate o(-5).
29
Let b(r) = 3*r**3 - 51*r**2 - 37*r + 630. Calculate b(17).
1
Let w(y) = y**3 + 105*y**2 - 816*y + 23945. Calculate w(-114).
5
Let g(o) = 164*o + 1542. What is g(-9)?
66
Let b(w) = -10873*w + 130481. Calculate b(12).
5
Let q(w) = 8*w**3 - 2*w**2 + 19*w - 71. Give q(3).
184
Let r(p) = -p**3 + 4*p**2 + 22*p - 40. What is r(7)?
-33
Let d(q) = -34*q**2 - 37*q - 1. Calculate d(-2).
-63
Let u(b) = -b**3 + 4*b**2 - 3*b - 12. Give u(5).
-52
Let l(b) = -b**3 + 72*b**2 + 818*b + 159. Give l(82).
-5
Let x(i) = 7*i**3 - 5*i**2 - 3*i + 3. Calculate x(-3).
-222
Let n(s) = -s**2 - 19*s - 196. Give n(-22).
-262
Let r(l) = 51*l + 6734. What is r(-132)?
2
Let c(t) = -t**2 + 37*t + 153. Determine c(-4).
-11
Let c(d) = -2032*d + 42679. Give c(21).
7
Let a(n) = 2*n**3 + 3*n**2 + 3*n - 7. Give a(4).
181
Let u(z) = 78*z + 4544. What is u(-58)?
20
Let v(f) = 33*f + 408. Calculate v(-13).
-21
Let j(k) = -496*k + 4459. Calculate j(9).
-5
Let w(g) = -2*g**2 + 85*g + 546. What is w(-7)?
-147
Let c(i) = i**2 + 39*i - 432. What is c(-47)?
-56
Let i(z) = -2*z**3 + 6*z**2 + 396*z - 1543. Give i(4).
9
Let n(c) = -764*c - 6266. Determine n(-8).
-154
Let h(z) = z**3 - 10*z**2 + 8*z - 83. Determine h(10).
-3
Let s(h) = -h**2 + 716*h + 18532. Calculate s(-25).
7
Let j(o) = -5*o**2 - 33*o + 20. Give j(-7).
6
Let b(p) = -84*p + 1513. Give b(18).
1
Let x(u) = u**3 - 22*u**2 + 35*u + 82. What is x(20)?
-18
Let c(m) = 602*m + 3032. Determine c(-5).
22
Let n(s) = -s**2 + 41*s - 19. Give n(41).
-19
Let k(d) = -18*d**3 - 2324*d**2 - 257*d + 121. Determine k(-129).
-8
Let w(h) = 17*h - 242. What is w(13)?
-21
Let t(o) = 47*o - 10910. What is t(232)?
-6
Let a(z) = -z**3 - 144*z**2 + 441*z + 14. Calculate a(-147).
14
Let o(x) = -4*x**3 + 4*x**2 - 18*x + 5. Give o(4).
-259
Let c(y) = 3*y**2 + 89*y + 455. Give c(0).
455
Let n(x) = -x**3 + 17*x**2 + 89*x. Calculate n(-4).
-20
Let v(o) = o**3 + 52*o**2 + 53*o + 103. What is v(-51)?
1
Let u(f) = -21*f**2 - 295*f - 26. Calculate u(-14).
-12
Let m(c) = c**2 + 2*c - 32. Calculate m(7).
31
Let t(l) = -l*